vided by 282?
201
What is the remainder when 3232 is divided by 156?
112
Calculate the remainder when 9542 is divided by 9372.
170
Calculate the remainder when 7047 is divided by 105.
12
Calculate the remainder when 229197 is divided by 600.
597
What is the remainder when 9229 is divided by 95?
14
What is the remainder when 722 is divided by 145?
142
Calculate the remainder when 245783 is divided by 57.
56
Calculate the remainder when 3172559 is divided by 30.
29
Calculate the remainder when 177660 is divided by 25378.
14
What is the remainder when 3312 is divided by 536?
96
Calculate the remainder when 19451 is divided by 9715.
21
Calculate the remainder when 19340 is divided by 90.
80
Calculate the remainder when 472724 is divided by 55.
54
Calculate the remainder when 699 is divided by 9.
6
What is the remainder when 121088 is divided by 37?
24
What is the remainder when 2840 is divided by 31?
19
Calculate the remainder when 12518 is divided by 1518.
374
Calculate the remainder when 461 is divided by 149.
14
Calculate the remainder when 11319 is divided by 20.
19
What is the remainder when 7454648 is divided by 665?
663
What is the remainder when 27716 is divided by 151?
83
Calculate the remainder when 122992 is divided by 317.
313
What is the remainder when 3547 is divided by 33?
16
Calculate the remainder when 51139 is divided by 70.
39
What is the remainder when 730 is divided by 122?
120
Calculate the remainder when 2398 is divided by 735.
193
Calculate the remainder when 222134 is divided by 15.
14
What is the remainder when 1240 is divided by 602?
36
What is the remainder when 26198 is divided by 8461?
815
Calculate the remainder when 5855 is divided by 26.
5
What is the remainder when 2717 is divided by 205?
52
What is the remainder when 2353 is divided by 45?
13
Calculate the remainder when 23471 is divided by 398.
387
Calculate the remainder when 3676 is divided by 311.
255
What is the remainder when 3098 is divided by 1408?
282
Calculate the remainder when 633610 is divided by 798.
796
Calculate the remainder when 22799 is divided by 2366.
1505
What is the remainder when 54806 is divided by 36?
14
Calculate the remainder when 6979 is divided by 350.
329
What is the remainder when 8035 is divided by 455?
300
Calculate the remainder when 375 is divided by 77.
67
What is the remainder when 2548 is divided by 14?
0
Calculate the remainder when 63694 is divided by 49.
43
What is the remainder when 45851 is divided by 6550?
1
What is the remainder when 1324 is divided by 324?
28
Calculate the remainder when 390290 is divided by 526.
524
What is the remainder when 2662 is divided by 164?
38
Calculate the remainder when 9523 is divided by 1564.
139
Calculate the remainder when 4701 is divided by 3.
0
What is the remainder when 31835 is divided by 53?
35
Calculate the remainder when 42637 is divided by 533.
530
Calculate the remainder when 1275792 is divided by 1073.
1068
What is the remainder when 5970 is divided by 218?
84
Calculate the remainder when 12090 is divided by 6042.
6
Calculate the remainder when 6750 is divided by 421.
14
Calculate the remainder when 707333 is divided by 29.
23
What is the remainder when 6837 is divided by 360?
357
What is the remainder when 44534 is divided by 330?
314
What is the remainder when 496 is divided by 373?
123
Calculate the remainder when 26147 is divided by 816.
35
Calculate the remainder when 47258 is divided by 11809.
22
What is the remainder when 101051 is divided by 85?
71
Calculate the remainder when 36412 is divided by 544.
508
What is the remainder when 171787 is divided by 118?
97
What is the remainder when 83921 is divided by 27967?
20
What is the remainder when 245084 is divided by 34?
12
Calculate the remainder when 50356 is divided by 654.
652
Calculate the remainder when 206568 is divided by 25821.
0
What is the remainder when 3392 is divided by 132?
92
Calculate the remainder when 24683 is divided by 22.
21
Calculate the remainder when 661 is divided by 155.
41
Calculate the remainder when 90807 is divided by 627.
519
Calculate the remainder when 12715 is divided by 820.
415
Calculate the remainder when 135237 is divided by 460.
457
Calculate the remainder when 27270 is divided by 871.
269
What is the remainder when 206239 is divided by 16?
15
What is the remainder when 65374 is divided by 37?
32
Calculate the remainder when 26003 is divided by 171.
11
Calculate the remainder when 5735 is divided by 5704.
31
Calculate the remainder when 52710 is divided by 8783.
12
Calculate the remainder when 412330 is divided by 137441.
7
What is the remainder when 16793 is divided by 1842?
215
Calculate the remainder when 11161 is divided by 149.
135
What is the remainder when 34526 is divided by 47?
28
Calculate the remainder when 1733 is divided by 855.
23
Calculate the remainder when 10283 is divided by 1918.
693
Calculate the remainder when 1214594 is divided by 22.
18
Calculate the remainder when 24558 is divided by 8186.
0
Calculate the remainder when 2785 is divided by 84.
13
What is the remainder when 15938 is divided by 11?
10
Calculate the remainder when 4577 is divided by 218.
217
What is the remainder when 13188 is divided by 220?
208
Calculate the remainder when 1911 is divided by 198.
129
What is the remainder when 30677 is divided by 140?
17
Calculate the remainder when 23423 is divided by 17.
14
Calculate the remainder when 650129 is divided by 7.
4
What is the remainder when 22024 is divided by 2753?
0
Calculate the remainder when 185 is divided by 36.
5
Calculate the remainder when 310 is divided by 275.
35
Calculate the remainder when 29168 is divided by 3239.
17
Calculate the remainder when 27921 is divided by 271.
8
Calculate the remainder when 43213 is divided by 203.
177
What is the remainder when 38713 is divided by 571?
456
What is the remainder when 8562 is divided by 1440?
1362
What is the remainder when 1132874 is divided by 181?
176
What is the remainder when 5630 is divided by 200?
30
What is the remainder when 97644 is divided by 33?
30
What is the remainder when 8908 is divided by 14?
4
What is the remainder when 2450 is divided by 799?
53
What is the remainder when 36289 is divided by 4532?
33
Calculate the remainder when 42522 is divided by 123.
87
Calculate the remainder when 8982 is divided by 7381.
1601
What is the remainder when 2204 is divided by 376?
324
What is the remainder when 73731 is divided by 256?
3
Calculate the remainder when 77942 is divided by 2165.
2
Calculate the remainder when 5280 is divided by 337.
225
Calculate the remainder when 145373 is divided by 32.
29
Calculate the remainder when 8449 is divided by 496.
17
What is the remainder when 146704 is divided by 12224?
16
Calculate the remainder when 15449 is divided by 705.
644
Calculate the remainder when 95127 is divided by 126.
123
What is the remainder when 12226 is divided by 1405?
986
Calculate the remainder when 702695 is divided by 154.
147
Calculate the remainder when 3268 is divided by 359.
37
What is the remainder when 2095 is divided by 544?
463
Calculate the remainder when 15961 is divided by 15938.
23
Calculate the remainder when 40578 is divided by 197.
193
What is the remainder when 3629 is divided by 1096?
341
What is the remainder when 11336 is divided by 12?
8
Calculate the remainder when 599938 is divided by 110.
108
Calculate the remainder when 59929 is divided by 39.
25
What is the remainder when 33638 is divided by 34?
12
Calculate the remainder when 13357 is divided by 361.
0
What is the remainder when 2996 is divided by 149?
16
Calculate the remainder when 65182 is divided by 21.
19
What is the remainder when 74742 is divided by 1116?
1086
Calculate the remainder when 4274 is divided by 29.
11
What is the remainder when 50590 is divided by 124?
122
What is the remainder when 9864 is divided by 3272?
48
What is the remainder when 38751 is divided by 170?
161
What is the remainder when 862 is divided by 195?
82
What is the remainder when 1121 is divided by 209?
76
What is the remainder when 38780 is divided by 12923?
11
Calculate the remainder when 3236 is divided by 29.
17
Calculate the remainder when 417322 is divided by 8879.
9
What is the remainder when 23617